p(b) = -6*b + b**2 + 2*b + 4 + 0. Let r = 8 - 6. Suppose -f + n - 2 = -r*f, -5*n - 22 = -3*f. Give p(f).
4
Let a(x) = -31*x**2 + 15*x**2 + 17*x**2 + 4 + 6*x. Calculate a(-4).
-4
Suppose -3*w + 7 = -l, 0 = -2*l + 3*w - 6*w + 13. Let o be 4/3*3/l. Let k(s) = s - 2*s**o + s**3 - 3*s + 3 - 4. What is k(3)?
2
Let r(x) = -x**3 - 4*x**2 - 3*x - 3. Suppose 29 - 9 = -5*c. Calculate r(c).
9
Let k = 8 + -6. Let c be (10/(-3))/(k/3). Let h(y) = 3*y + 6. Determine h(c).
-9
Let w(h) be the second derivative of 0 - 3*h**2 + 4/3*h**3 - 6*h - 1/20*h**5 - 2/3*h**4. What is w(-9)?
3
Let z(s) = 5*s**2 + 7*s + 6. Let h(t) = 9*t**2 + 14*t + 12. Let n(d) = -4*h(d) + 7*z(d). Calculate n(-6).
0
Suppose 0*o + 1 = n + 3*o, -4 = 4*o. Let k(w) = -3*w**2 + 6*w**2 + n + 4*w - 2*w**2. Give k(-4).
4
Suppose -9*s = -24 - 21. Let t(w) = w + 10 - 3 + 0*w. Determine t(s).
12
Let t(p) = -p**2 + 4*p. Let d = -11 + 14. Suppose 0 = -2*i - d*i + 25. Determine t(i).
-5
Let y(z) = -z**3 - 10*z**2 - 3*z - 25. Let l be y(-10). Let k(t) = 2 + t**2 + l - 4*t - 4. Calculate k(2).
-1
Let w(u) = -u**2 - 2*u + 1. Suppose -2*v - 2*v + 12 = 4*r, v = -3*r - 1. Suppose 10 = -k - c - 0*c, -5*k = -3*c + 18. Let b = k - r. Give w(b).
-7
Let g = -15 - -31/2. Let z(u) be the first derivative of 3*u - 1 - g*u**2. Give z(0).
3
Let t(s) = -4*s**2 - 2*s + 1. Let d be t(-2). Let o = d - -15. Let z = 2 - o. Let g(r) = -r**3 + r + 1. Give g(z).
7
Let y(v) be the third derivative of v**6/120 - v**5/60 + v**4/24 - 2*v**2. Suppose -t + 0 = -1. Let u be (-2)/(1 + (-2)/t). Determine y(u).
6
Let f(m) = -m**2 + 1. Suppose -3*k - 7 - 2 = 3*d, 5 = -5*k - 3*d. Calculate f(k).
-3
Let z(c) be the third derivative of -c**4/24 + c**3 + 5*c**2. Let q be z(10). Let f(r) = r**3 + 5*r**2 + 5*r. Give f(q).
-4
Let f(i) = i**2 + 4*i + 3. Let g be f(-4). Suppose -g*x = u - 14 - 0, 4*x = u + 7. Let a(r) = -2*r - 5*r + r + r**2. Give a(u).
-5
Let m(t) = -t - 2 + 0*t**2 + t**2 - 3*t. Let c be (-1)/(-9) - 440/(-90). Give m(c).
3
Let x(r) = -7*r + 9. Let t(w) = w. Let l(j) = 5*t(j) + x(j). Calculate l(7).
-5
Let a(p) = p**3 - 4*p**2 + 3*p - 2. Let k(q) = -q - 13. Let v be k(-11). Let b = v + 5. Give a(b).
-2
Let m = -13 - -7. Let p(c) = -c - 14. Calculate p(m).
-8
Let y(p) = -p**3 - 6*p**2 - 2*p - 4. Suppose -3*c - 5*z - 3 = 0, -4*c - 12 = -0*c + 4*z. What is y(c)?
8
Suppose -2*j - 6 = 5*a - 51, -5*a = -2*j - 25. Let w(f) = a + 2*f + f - 4*f. Determine w(0).
7
Let d(p) = p**2 + 6*p + 4. Let w be 5/6 + (-2)/(-12). Suppose w = -y - 4. Determine d(y).
-1
Let h(l) be the second derivative of 5*l**4/12 - l**3/2 + l**2 - 39*l. Calculate h(2).
16
Let g(a) be the first derivative of 1/4*a**4 - a**3 - a + 3 + 1/2*a**2. Determine g(2).
-3
Suppose 0 = -t + 4 - 11. Let f(c) = c**3 + 7*c**2 + c + 3. What is f(t)?
-4
Let w(r) = -7*r**3 - 5*r**2 - 7*r - 6. Let p(k) = -15*k**3 - 10*k**2 - 14*k - 12. Let o(b) = 6*p(b) - 13*w(b). Give o(-4).
-6
Let o(u) = 2*u - u**2 - 2*u. Suppose -4 = 4*x - 3*y, -3*x + 4*y + 4 = -0*y. Let v be ((-3)/(-2))/((-2)/x). Determine o(v).
-9
Let g(p) = -p**3 + 22*p**2 - 26*p**2 + 6*p + 7 + 0*p**3. Let b(z) = z**2 + 6*z + 3. Let k be b(-4). Give g(k).
2
Let i(h) be the third derivative of -h**4/12 + 7*h**3/6 + h**2. Suppose -3*l = -33 + 6. Suppose -2*z + f + 5 = -l, -4*f - 36 = -4*z. What is i(z)?
-3
Suppose -4*t = 3*p - 24, 0*p - 15 = -3*t - 3*p. Let c = 6 + t. Suppose 2*y + c = -y. Let k(n) = -n**2 - 6*n - 4. What is k(y)?
1
Let u(d) = d**3 + 5*d**2 + d + 4. Suppose 5*b = 3*b - q - 8, 11 = -3*b - 2*q. Calculate u(b).
-1
Let c = 12 - 5. Let s = 10 - c. Suppose -p - s*p = 20. Let x(y) = y**3 + 6*y**2 + 4*y - 1. Determine x(p).
4
Let t(a) = 12*a - 11. Let o(f) = -19*f + 17. Let h(s) = 5*o(s) + 8*t(s). Calculate h(-9).
-12
Let w(y) = y**3 + 3*y**2 + 3*y + 1. Let s(c) = 6*c**3 + 16*c**2 + 16*c + 6. Let t(h) = -2*s(h) + 11*w(h). Let n be (-16)/(-7) - 4/14. Give t(n).
-3
Let t = -6 + 6. Let j(k) = -7 + k**2 + t + 10 + 5*k. Determine j(-6).
9
Let y(k) = k**3 + 11*k**2 + 11*k + 11. Let n be y(-10). Let c = -1 + n. Let x(g) = -g**2 - 3 - 3*g - 4*g + c*g**2. Determine x(-5).
7
Let x be (3*(-2)/(-2))/(-1). Let q(v) = 2*v**2 + 5*v + 2. Give q(x).
5
Let q(f) = 2*f. Let u = -10 + 8. Calculate q(u).
-4
Let g(m) = -4*m + 3. Let i(d) = -3*d - 3. Let t be i(-6). Suppose t = 4*k + k. Give g(k).
-9
Let h(c) = -c**2 + 5*c + 6. Suppose -13*i + 19*i - 36 = 0. Calculate h(i).
0
Suppose 4 = -d + 2*d. Let n(c) = d*c**2 - c + 4*c**2 + 0*c**2 - 2*c**2. Determine n(-1).
7
Let o(w) = -w - 9. Let a be 3*(-3 - ((-1 - 3) + 3)). What is o(a)?
-3
Let b(x) = -x**3 - 6*x**2 - 2*x - 2. Let t be (9/6)/3 - (-22)/(-4). Determine b(t).
-17
Suppose 8*y - 3*y = 85. Suppose 0 = 5*i - n + 16, 5*n = 2*i + 2*i + y. Let c(q) = -2*q + 4. What is c(i)?
10
Let d(w) = w + 3. Let v be -7*2 + (-4)/(-1). Let p be (4/(-1))/(v/(-15)). Calculate d(p).
-3
Let q(m) = -m**3 + 2. Suppose -29 = -2*t + 3*r, 2*t = 5*r - 6*r + 25. Let a = t + -11. Calculate q(a).
-6
Let w(h) = h**2. Suppose 0 = -2*l - 2*f + 7*f + 27, 0 = -4*f + 20. Let y = 26 - l. Give w(y).
0
Let c(j) = 2 + 1 - 1 - 10*j + 7*j. Give c(2).
-4
Let s be -6 + -1 + (0 - -5). Let q(p) = -4*p. Calculate q(s).
8
Let q(p) = p - 21 + 7 + 6. Give q(7).
-1
Let t(f) = f. Let p = 7 + -4. Suppose -m + 2*q - 6 = 0, -m + 2 = p*m + 5*q. Let n be -3 - (0 + m - -3). Calculate t(n).
-4
Let w(v) = 2*v + 5. Let h(f) = f + 2. Let i(r) = -7*h(r) + 3*w(r). What is i(-6)?
7
Let c(l) = -l**3 + 7*l**2 + 7*l - 1. Let h be c(8). Let u be (-3)/h + 11/3. Suppose 0*d - d - u = 3*i, 0 = 2*d + 2*i. Let r(m) = -m**2 + 1. Calculate r(d).
-3
Let h(n) be the second derivative of -5*n**3/6 - n**2 - n. Let c(w) = w**2 - w - 1. Let f be 57/21 - 2/(-7). Let v(y) = f*c(y) - h(y). Calculate v(-2).
7
Let h(z) be the second derivative of -z**4/2 - z**3/6 + z. Let a be 1 - ((3 - 1) + -2). Calculate h(a).
-7
Let h = 7 - 3. Let w(f) = 7*f**2 + 5*f - 2*f**2 - h*f**2 - 3. Determine w(-5).
-3
Let c(z) = 9 - 3 - 8 - 4 - 7*z - z**2. What is c(-6)?
0
Suppose -11 = -o + 3*v, v + 12 = 3*o - o. Suppose o*c - 4*c = 4. Let k(n) = n. What is k(c)?
4
Let a(k) = k**2 - 3*k - 4. Let w be a(4). Suppose o = 3 - w. Let h(m) = 2*m**2 - 4*m - 1. What is h(o)?
5
Let b(q) = 1. Let d(a) = -4*a. Let n(p) = 2*b(p) - d(p). Suppose -4*k + 10 = -9*k. Calculate n(k).
-6
Suppose 2*w + 4*c - 2 = 14, 3*w + 5*c - 20 = 0. Suppose w = i - 2*i + 3. Let g(h) be the second derivative of h**3/6 - 2*h**2 - h. Determine g(i).
-1
Let r be 33/5 - 10/(-25). Let c = r + -12. Let q(b) = 5*b**3 + 5*b**2 + b + 1. Let j(z) = -6*z**3 - 5*z**2 - z. Let t(o) = 4*j(o) + 5*q(o). Give t(c).
0
Let q(u) = -7 - 2 + 3 + u**2 - u + 0*u**2 - u**3. Let p = 7 - 6. Let l(s) = s - 1. Let b be l(p). Calculate q(b).
-6
Let j(l) = -5*l**3 + 1. Let z = 10 + -11. Calculate j(z).
6
Let l(k) be the second derivative of 1/4*k**4 + 1/20*k**5 + 0 - 3*k - 3*k**2 - 7/6*k**3. Let j(v) = -4*v**2 - v + 1. Let f be j(1). Determine l(f).
6
Let v be -2 - 1/(1/(-8)). Let j(c) = -c**2 + 5*c + 5. Determine j(v).
-1
Suppose -64*n + 30 = -59*n. Let m(q) = 2*q - 6. Determine m(n).
6
Let s be 3 - (-12)/8*8. Let m(f) = -f**3 + 14*f**2 + 14*f + 21. Let k be m(s). Let p(y) = y**3 - 7*y**2 + 7*y - 8. Determine p(k).
-2
Let h(d) be the third derivative of d**6/120 - d**5/30 + d**4/24 - 2*d**3/3 + 45*d**2. Determine h(3).
8
Let t(o) = 40*o**3 + 5*o**2 - 6*o. Let p(x) = 8*x**3 + x**2 - x. Let m(v) = 11*p(v) - 2*t(v). Let z = -376 - -375. What is m(z)?
-8
Let z(m) = 4*m - 81 + 81. What is z(-2)?
-8
Let s(h) = -h**3 + 4*h - h + 3*h + 4*h**2 + 2 - 4. Calculate s(5).
3
Let g = 119 + -119. Let b(a) = -a**3 + a**2 + a + 7. Calculate b(g).
7
Suppose -13 = s + r - 5*r, -5*r + 60 = 5*s. Let d = s + -8. Let o(j) = -7*j - 1. What is o(d)?
6
Let k(b) = -6*b + 1. Suppose 7 = -2*p - 7*n + 2*n, 4*p + 2*n = -38. Let q = -10 - p. Give k(q).
-5
Let q(r) = r. Let f(u) = u - 2. Let t be f(6). Let d = t + -4. Let h(m) = -m**2 - m + 2. Let s be h(d). Calculate q(s).
2
Let q(j) = 3*j + 4. Let h(t) = -2*t - 4. Suppose 2*k = -1 + 7. Let y(v) = k*q(v) + 4*h(v). Suppose 2*x + 3*c + 12 = 0, 0*x - 8 = -x + 2*c. Give y(x).
-4
Let j(w) = 2*w + 12. Let u be j(-8). Let c(h) = h + 7. Calculate c(u).
3
Let v = -8 + 12. Let k(a) = 17*a + 17. Let h(s) = -6*s - 6. Let i(o) = v*k(o) + 11*h(o). Suppose z =